= -3*k, 0 = a + 3*k - 8650. What is the thousands digit of a?
8
Suppose -42 = -5*a + 5038. Suppose -32*h + 34*h - a = 0. What is the units digit of h?
8
Suppose 0 = -5*j - 3*b + 24, -5*j + 3*b = -36 - 0. What is the units digit of (8/j)/((-5)/(-2220))?
2
Suppose 2*j + 298*u - 117163 = 301*u, -5*j + 3*u = -292930. What is the ten thousands digit of j?
5
Let a be (-68 + 0)*(-2 + -9). Let b = 1985 - 1485. Let k = a - b. What is the tens digit of k?
4
Let c be (1100/15)/((-2)/(-78)). Suppose 5*l - c = 5*f, -2*f + 223 = 3*l - 1508. What is the tens digit of l?
7
Let k(b) = -5*b + 38. Let i be k(5). Let o(a) = a**3 - 12*a**2 - 13*a - 6. Let t be o(i). What is the tens digit of ((-21)/(-28))/(t/(-104))?
1
Let n be 54*((-10)/(-6) - 8/12). Let f = n + -52. Suppose 176 = f*a - 3*m, 56 = a - 4*m - 37. What is the units digit of a?
5
Let r(a) = -a**3 + 72*a**2 + 34*a - 642. What is the ten thousands digit of r(70)?
1
What is the units digit of ((-336)/(-120))/(6/(-15)) - -23460?
3
Suppose 28 = -4*x - 4. Let b be ((-20)/15)/(x/12). Let g(j) = 15*j**3 - j**2 - j - 2. What is the units digit of g(b)?
2
Let f(n) = n - 2. Let t be f(6). Suppose 0 = t*a + 4. What is the units digit of (-11 - a)/(-2)*17?
5
Suppose -2 - 6 = 2*y. Suppose 77*x - 74*x + 12 = 0. What is the units digit of 178/x*(y - -2)?
9
Suppose 4*g + 84 = 5*i - 14, -5*i + 3*g + 101 = 0. Suppose -28*s + 1566 = -i*s. What is the tens digit of s?
6
Suppose -16*q = -10*q - 18. Suppose 3*z - 9 = q*a, -3 = a - 3*z + 2. What is the units digit of ((-360)/(0 - 5))/(a/(-7))?
2
Let t = -30 - -120. Suppose -9*c - t = -6*c. What is the units digit of (-2088)/c + 6/15?
0
Let c(r) = -r**2 - 25*r + 1. Suppose 4*y + 0*y - 64 = x, 2*x = -4*y + 76. Let m = -2 - y. What is the units digit of c(m)?
5
Let t(l) = -33357*l - 386. What is the thousands digit of t(-2)?
6
Let k(o) = 2*o**2 + 125*o + 3011. What is the hundreds digit of k(-47)?
5
Let j(f) = 7*f**2 + 14*f + 65. Suppose 4*g + 32 = d, -3*g = 7*d - 2*d + 24. Let s be j(g). What is the units digit of 5/2 + s/2?
3
Let t(r) = -35*r - 1. Let i be t(-4). Suppose -5*j = -5*f - 755, -j + f + i = 3*f. What is the tens digit of j?
4
Suppose -14*u = -7*u - 77. Suppose -u*v + 6169 = 1307. What is the units digit of v?
2
Let g(o) = 1356*o + 6880. What is the units digit of g(9)?
4
Suppose 107*a = -2*o + 112*a + 76157, 4*o + 5*a - 152209 = 0. What is the units digit of o?
1
Let h be -2*13/((-13)/2). Suppose 874 = h*r - 5*l, 4*l - 214 = -r + 3*l. What is the tens digit of r?
1
Let a be ((-16)/(-20))/(2/(-15)). Let l be (-16)/24 + 1/(a/(-34)). Suppose -l*k = 5*k - 960. What is the units digit of k?
6
What is the thousands digit of 21983 - ((-10)/(-6))/(1 - (-16)/(-24))?
1
Suppose -648 = 30*m - 24*m. Let g = m + 129. What is the tens digit of g?
2
Let d = 11270 - 4021. What is the hundreds digit of d?
2
Let h = -46 + 38. Let q = -59 + h. Let m = q + 131. What is the tens digit of m?
6
Let f be (221/39 - 7)*(-6)/4. Suppose -5519 = -3*s - f*s + 2*z, 3313 = 3*s - 2*z. What is the units digit of s?
3
Let q = 7 + -3. Suppose -5*w = -2*d - 668, 0 = 7*w - q*w - 3*d - 408. Suppose 3*s - w = -4*m - s, m - 2*s = 24. What is the units digit of m?
0
Suppose -8*r + 358 = -1682. Let z = r - 140. What is the units digit of z?
5
Let w(a) = -479*a + 229. What is the hundreds digit of w(-12)?
9
Let z be (15 + 1 + -2)*28/(-56). What is the units digit of 2/z + (-44)/(-154) - -1466?
6
Let h = -117 - 312. Let a = 1683 + h. What is the tens digit of a?
5
Let j = 44 - 40. Suppose -c - 3*k + j = -k, -5*k + 23 = -4*c. What is the units digit of ((-40)/(-30))/(c/(-30))?
0
Suppose 0 = -13*z + 6*z + 28. Suppose v + f = 0, -z*f = 2*v + f. Suppose v = -0*u + u - 27. What is the units digit of u?
7
Let f(q) = -q**3 - 8*q**2 + 5*q - 187. What is the tens digit of f(-22)?
7
Let z = -9219 + 39373. What is the tens digit of z?
5
Let m(s) = 2*s**2 - 6*s + 6. Let o be m(4). Suppose -5*l + 451 = 3*z, o = -4*l - 2. What is the hundreds digit of z?
1
Suppose -34*u = -816703 - 491311. What is the hundreds digit of u?
4
Suppose 2*k = 3*k - 48. Suppose 11*r = 15*r - k. Suppose -632 = 8*f - r*f. What is the tens digit of f?
5
Suppose 5*v - 6259 = 4*o, -898*o = -5*v - 901*o + 6252. What is the thousands digit of v?
1
Suppose 2*l - 9*l - 231 = 0. Let p = 37 + l. What is the units digit of p?
4
Let l(z) = z + 19. Let p be l(-16). Suppose 15 = p*d, 4*g - 3*g = 5*d - 27. What is the tens digit of 61 + (-49)/21 + g/(-6)?
5
Suppose 547991 = 18*j + j - 1030282. What is the thousands digit of j?
3
Let t be 1 + -7 - (-162 + 135). Suppose 5*o - 2142 + 34 = 3*p, o - 2*p - 416 = 0. Suppose -c - t = -2*l - 133, 4*c + 4*l - o = 0. What is the tens digit of c?
0
Let h(q) = -2*q**2 + 67*q - 59. Let k be h(27). Let y = 58 + k. What is the units digit of y?
0
Let h(a) = -a**2 + 28*a + 29. Let y be h(29). Suppose 30*z - 775 = 28*z + 3*m, -z + 2*m + 390 = y. What is the tens digit of z?
8
Suppose 0 = 2*q - 2*a - 694, -11*a + 1011 = 3*q - 8*a. What is the units digit of q?
2
Let a(r) = 2500*r - 228. What is the hundreds digit of a(3)?
2
Let t(b) = 861*b + 366. What is the tens digit of t(17)?
0
Let l = 333 + -328. Suppose -l*s + 931 = 2*i, 0 = 4*i + s - 2128 + 257. What is the tens digit of i?
6
Suppose 104300 = 13*v - 61411. What is the ten thousands digit of v?
1
Let s(v) = 13*v + 2. Let q(b) be the second derivative of 7*b**4/12 + b**3/6 - b**2/2 - 10*b. Let f be q(-1). What is the units digit of s(f)?
7
Let i(c) = -c**2 + 396*c + 55. What is the ten thousands digit of i(76)?
2
Let z = 36 - 34. Let o(n) = 47 - 24 + 14*n - 20. What is the units digit of o(z)?
1
Suppose 0 = -59*h - 72598 + 632036. What is the hundreds digit of h?
4
Let u(t) = 21*t**2 - t + 2. Let x(z) = 31*z**2 + 3 + 11 - 30*z**2 + 6*z + z. Let h be x(-4). What is the tens digit of u(h)?
8
Suppose 0 = -7*f + 5*f + 5*y + 1204, -4*y = 3*f - 1783. Let m = f - 583. What is the tens digit of m?
1
Let r = -49 - -51. Suppose -4*c = -r - 10. What is the tens digit of 15/2*(4 - 8/c)?
1
Suppose -112*s = 165025 - 174431 - 698098. What is the thousands digit of s?
6
Let v = -110 - -112. Suppose v*p + 2*p = 2*j - 8, -3 = -3*p. Suppose -q + 210 = -j*a + a, 2*q - 4*a = 390. What is the hundreds digit of q?
1
Let s = -3521 - -10164. What is the thousands digit of s?
6
Let m(u) = 2*u - 12. Let l be m(7). Suppose l = 14*x - 12. What is the tens digit of (133 - -16)/((-1 - -1) + x)?
4
Let l be 3 + -651 + 2 + (-3 - 0). Let z = -402 - l. What is the hundreds digit of z?
2
Let g(r) = 2*r**3 - 178*r**2 + 218*r - 383. What is the units digit of g(89)?
9
Let o(k) = 7*k - 6. Let h be o(10). Suppose -s - 7*s + h = 0. Suppose -s*g = -11*g + 150. What is the tens digit of g?
5
Let t be (-1)/((12/(-4))/(-3)) + 157. Suppose t = -4*j + z - 5*z, 5*j = -4*z - 195. What is the units digit of (-1518)/(-14) + j/91?
8
Suppose 2*c - 5*z + 93 = 0, -48*z + 47*z = 5*c + 165. What is the units digit of 6/51 + (-4042)/c?
9
Suppose -2*d - 9*d = 0. Suppose -2*p - 155 = -a, 2*p = -d - 2. What is the tens digit of a?
5
What is the hundreds digit of -27 - -24 - (2 - (-4 - -7817))?
8
Let x(f) = f - 18. Let v be x(17). Let j be (-6)/(-2) + (-2 - v). Suppose j*z = 2*y - 0*y - 320, 2*z = -3*y + 455. What is the tens digit of y?
5
Suppose 5*k + 20 = 6*k. Suppose 13*f - 8*f = -k. What is the units digit of (34/f)/(4/(-24))?
1
What is the units digit of 2/3 + 5231*30/45?
8
Let i = 28762 - -972. What is the hundreds digit of i?
7
Suppose -5*u + 42896 = -2*t, 2*t = 4*u - 30155 - 4163. What is the units digit of u?
8
Let f be ((-20)/4)/(-5)*(-2 + 7). Let p(k) = 2*k**2 - 11*k + 9. Let g be p(f). Suppose 8*o - g*o = -3*r + 362, -223 = -2*r + o. What is the units digit of r?
4
Let x = 247 + 352. Suppose 4*c = 4*u - 820, -3*u + 0*c - c = -x. Suppose 8*w - u = 5*w. What is the tens digit of w?
6
Suppose 0 = 4*k - 3*n - 8689, 806 = k + 2*n - 1380. Let h = k - 1175. What is the units digit of h?
1
Let f(o) = -6825*o + 868. Let t(b) = 220*b - 28. Let y(p) = 2*f(p) + 63*t(p). What is the hundreds digit of y(4)?
8
Suppose 0 = -5*b - 3*k - 0*k - 1161, -k + 1173 = -5*b. Let v = b - -406. Let s = v + -114. What is the units digit of s?
8
Let y(m) = -m**3 - 7*m**2 + 30*m + 6. Let v be y(-10). Let b(u) = 21*u - 28. What is the tens digit of b